s(q) = -q - 6. Let i(b) = -3*s(b) - 2*v(b). What is i(n)?
0
Let q = 817 + -816. Let t(u) be the second derivative of 3*u**3/2 - 4*u. Give t(q).
9
Suppose 8 = 5*z - 57. Suppose 3*o - z - 11 = 0. Let s(t) = 5 - 10*t + 5*t - o. Determine s(-2).
7
Suppose -5*d + 132 = 2. Suppose v + 4*i + d = 0, 0*v - 2*v - 2*i = 22. Let c(z) = 3 - 2*z - 69 + 61. Give c(v).
7
Suppose 4 = -8*h + 28. Let b(x) be the first derivative of -1 - 1/3*x**3 - 2*x + 2*x**2. Give b(h).
1
Let s be (0 + 1)*(-19 + 43). Suppose 14*n + s = -10*n. Let y(b) = -3*b**3 - b**2 + 1. Give y(n).
3
Let p be 24/10 - 8/(80/(-6)). Suppose -p*g + 0*g + 9 = 0. Let o(k) = 1 + g*k + 2 + k**2 - 2. Determine o(-1).
-1
Let g = -4 - 0. Let h(v) be the first derivative of -41 + 3/2*v**2 + v. Give h(g).
-11
Let d(q) be the first derivative of 41 - 5*q**3 - 85 + 4*q**3. Give d(1).
-3
Let d(u) be the first derivative of -u**5/60 - 3*u**4/4 - 84*u**3 + 140. Let w(m) be the third derivative of d(m). What is w(-12)?
6
Let r(y) = -y**2 - 8*y - 5. Let i be -4 + (-2 - -1) + 9. Suppose -12 = -3*x - x, -175 = i*v - 5*x. Let w = -47 - v. Calculate r(w).
2
Suppose -32 = -5*b - 3*b. Let s(t) = 2 + 186*t - 3*t**2 - 96*t + 2*t**2 - 89*t. Determine s(b).
-10
Let f(z) = -15*z**3 - z**2 + z - 1. Let l = 290 - 118. Let n = -171 + l. Give f(n).
-16
Let c(v) be the first derivative of 5*v**3/3 + 8*v**2 - 5*v + 114. Let q(t) = 14*t**2 + 47*t - 14. Let f(n) = 11*c(n) - 4*q(n). Determine f(-11).
12
Suppose -4*w - 5*d + 6*d + 23 = 0, 0 = -3*w + 4*d + 27. Suppose -3*x - 8 = w*m - 25, -3*m + 15 = 3*x. Let f(l) = -l**3 + 3*l**2 + 6*l - 4. Determine f(x).
4
Let d(l) be the first derivative of -l**3 + 5*l**2/2 - l + 1438. Determine d(-2).
-23
Let g(a) = a**3 + 3*a**2 + 4*a**2 - a**2 - 7 + 5*a. Suppose 113*t + 79 + 45 = 82*t. What is g(t)?
5
Suppose -46*n = 79*n - 2*n. Let p(k) = -22*k - 1. Determine p(n).
-1
Let z(o) = 8*o - 33. Suppose 3*f + 221*h = 226*h - 20, 4*f + 2*h - 34 = 0. Determine z(f).
7
Let s(m) be the first derivative of -m**4/4 - m**3 + 5*m**2 + 12*m - 113. Let u be s(-5). Let w(y) = y**3 - 12*y**2 - 1. Calculate w(u).
-1
Suppose 0 = 7*z + 3*b + 25, 28340*b - 28341*b = 2*z + 8. Let v(r) be the third derivative of -r**2 - 1/6*r**3 + 0*r + 0 - 3/8*r**4. Determine v(z).
8
Let z be ((-4)/(-6))/(22/(-165)). Let g be (-1 - 1)/(9/3 + z). Let b(o) = -4*o**2 + o + 3*o**2 - 9*o + 0 - g. What is b(-8)?
-1
Let j be (26/(-65))/((-1)/(-15)). Let r(o) = 5*o**2 + 57*o + 62. Let y(t) = -t**2 - 11*t - 12. Let z(c) = -2*r(c) - 11*y(c). Determine z(j).
2
Suppose -26*p + 23*p + 15 = 0. Suppose -3*j + 14 = -j - 2*m, p*j - m = 27. Let s be 1 + -4 - (4 + (j - 11)). Let l(b) = -10*b**3 - 2*b - 1. Calculate l(s).
11
Let z(c) = c + 1. Let w = 32 + -24. Let a = 43 - w. Let g = -38 + a. Calculate z(g).
-2
Let v(d) = -d + 640 + d**3 - 7*d**2 - 10*d**2 - 632 + 4*d**2. Calculate v(13).
-5
Let t = 4 + -3. Suppose 0 = -14*m + 46 - 4. Let r(w) = -28 + m*w**2 + 59 - 31. Determine r(t).
3
Suppose 0 = c - 3*c - 6. Let o be c + -2 + 2 + 8. Let y(j) be the first derivative of j**3/3 - 3*j**2/2 - 7*j + 1079. Give y(o).
3
Let k be 6/4 + (-888)/48. Let o(u) = -u**2 - 11*u + 90. Give o(k).
-12
Let v(s) = -321*s**2 + 35*s - 31*s + 324*s**2 - 9. Give v(0).
-9
Let c(m) = m**3 - 18*m**2 - 20*m + 12. Let h = -16 + 14. Let l be -2 + 2 + 21 + h. Let g be c(l). Let p(k) = -k**3 - 6*k**2 + 7*k - 7. What is p(g)?
-7
Suppose -8*s - 37 = 43. Let z(f) be the first derivative of f**4/4 + 10*f**3/3 - f**2/2 - 12*f + 290. What is z(s)?
-2
Let n(i) = i**2 - i - 3. Suppose -60*h + 70 = -25*h. Let k = -1 - -1. Suppose h*q - 3*q + 2*q = k. Calculate n(q).
-3
Let o(p) be the third derivative of -1/2*p**3 + 0 + 7/24*p**4 + 10*p**2 + 0*p. Suppose 5*l - 22 = -5*v + 3, l - 3*v + 3 = 0. Determine o(l).
18
Let u(p) = -279*p - 90 - 320 - 287*p - 272*p + 897*p. Give u(7).
3
Let y(a) = -100*a + 146. Let x(t) = -50*t + 55. Let l(m) = 5*x(m) - 2*y(m). Determine l(-2).
83
Let i(f) = -40*f - 27*f - 43 - 45*f + 175 + 129*f. Determine i(-8).
-4
Let a(r) be the first derivative of 2*r**3/3 + 35*r**2/2 - 9*r + 1288. Determine a(0).
-9
Let z(f) be the first derivative of -f**4/2 + 34*f**3/3 + f**2/2 - 14*f + 9141. What is z(17)?
3
Let g(n) = 62*n**2 - 42*n**2 - 3 - n + 5. Let k(a) = -60*a**2 + 2*a - 5. Let y(z) = 8*g(z) + 3*k(z). Suppose 2*i - 17 = -15. Determine y(i).
-21
Suppose 0 = -0*n - n + 4. Suppose -5*v + 2*u + 3 = -92, n*v = u + 79. Let q(t) = 1 - 10*t + v*t + 14*t. What is q(-1)?
-24
Suppose 23 = 4*c + 5*v, -2*v - 93 = c - 101. Let b(p) = 4*p**3 - 5*p + 1. What is b(c)?
23
Let j = -7 - -12. Let y(v) = 3*v - 5*v + j*v - v. Let f(c) = -6*c - 119. Let k be f(-20). Determine y(k).
2
Let v(n) = 2*n**3 - 19*n**2 + 11*n - 13. Let x be v(9). Suppose -x*b + 1 = -4*j + 32, 19 = -5*b + j. Let g(m) = -m**2 + 4*m + 1. What is g(b)?
-20
Let x be -43*4/(-164) - 50/1025. Let z(k) = -18*k + 1. Let b(t) = -19*t + 2. Let q(p) = 2*b(p) - 3*z(p). Determine q(x).
17
Let j(q) be the third derivative of -q**4/8 + 2*q**3/3 + q**2 + 2125. Let d(a) = -a**2 + 13*a + 15. Let l be d(14). Give j(l).
1
Let i(s) = -2*s + 4. Let r be (-36)/(-27) + (-3 - (-24)/9). Let g(b) = 1. Let z(p) = r*i(p) - 6*g(p). Determine z(6).
-14
Let a = -14738 - -14744. Let t(q) = -q**2 - q - 1. Let x(r) = 5*r**2 - r. Let f(n) = 4*t(n) + x(n). Determine f(a).
2
Let b(z) be the second derivative of z**4/24 + z**3/2 - 19*z**2/2 - 9*z - 2. Let c(d) be the first derivative of b(d). What is c(9)?
12
Let d be (-33)/15 - -5*(-16)/100. Let p be ((-16)/(-3) + -6)*d. Let n(j) = 3*j + 1. Give n(p).
7
Let i(n) be the second derivative of n**5/20 - 23*n**3/6 - 15*n**2/2 + 248*n + 2. Determine i(5).
-5
Suppose -4*g + 42 = -5*l - 209, 65 = g - 2*l. Let i(k) = g - 9 - 3 - 45 + 2*k. Suppose 13 + 3 = 4*o. Determine i(o).
10
Let g be ((1 - 0) + 1)*(-608)/(-19). Suppose 58*f + 12 = g*f. Let i(r) = -2 - r + 4*r - 1. Calculate i(f).
3
Let b(i) = 41*i + 2. Let u = -4138 - -4137. Determine b(u).
-39
Let l(h) = -379*h**2 + 15*h - 20. Let p(c) = 194*c**2 - 8*c + 11. Let s(i) = 6*l(i) + 11*p(i). Calculate s(-1).
-141
Let p be (0/(-2))/(8 + -6 + -3 + 8). Let d(c) = c**2 - 4*c + 1. Give d(p).
1
Suppose 14*i - 92 - 160 = 0. Suppose -10*p = i + 32. Let b(d) = -5*d - 2. Calculate b(p).
23
Let f(q) = -q - 1. Let y be f(1). Let p(m) be the third derivative of 0 - 29*m**2 + 1/3*m**3 - 1/12*m**4 + m. What is p(y)?
6
Let z(p) = -p**3 + 5*p**2 + 6*p - 2. Suppose -n - 15 = -4*v - 2, n = -4*v + 11. Suppose -2*r - 18 = -v*i, 3*i - 4*r - 1 = 17. Calculate z(i).
-2
Let v(x) = -10*x + 38. Suppose 1211 = 625*j - 1289. Give v(j).
-2
Let u(d) = 3*d**2 - 4*d. Let o(z) = z**3 + 7*z**2 - 22*z - 33. Let a be o(-9). What is u(a)?
15
Let q(i) = i**2 + 18*i + 30. Let n = 3475 + -3483. Calculate q(n).
-50
Suppose -58*i + 55*i + 4*o - 15 = 0, -i + 15 = 2*o. Let q(m) = m + 6. Determine q(i).
9
Suppose -3*k + 6*k - 17 = -4*w, -4*k = -w - 48. Let s(x) = 16*x**2 - 8*x**2 - 9*x**2 - x + k. Determine s(0).
11
Let o(b) = -2*b**2 + 3*b + 39. Let v be o(-3). Let q(z) = -z**2 + 15*z - 19. Determine q(v).
17
Let j(l) be the second derivative of l**5/20 - l**4 + 3*l**3 - 12*l**2 + 37*l. Calculate j(11).
53
Let m(f) = -95*f + 8. Let l(h) = 142*h - 9. Let a(x) = -2*l(x) - 3*m(x). Calculate a(2).
-4
Let q(k) be the third derivative of k**6/120 - 3*k**5/20 - 5*k**4/12 + 5*k**3/6 - 14*k**2 - 81*k. Give q(10).
5
Let q(n) = -n**3 + 5*n**2 + 2*n - 5. Let i be 231/(3 + (-54)/12). Let h = i + 158. Give q(h).
19
Let f(u) = -3 + 1 - 6*u**2 - 3*u - u**3 + 0*u. Suppose 252 = -70*w - 228 + 60. Give f(w).
16
Let n(g) = -2*g**2 + 3*g - 2. Let c be ((-9)/(-6) + -3)*-10. Suppose -c*p + 13*p - 2 = 0. Let s be 72/(-24)*(-2 - p). Give n(s).
-11
Let j(p) = p**3 + 4*p**2 - 3*p + 3. Suppose 2*s - 24 = 2*m, 0 = -2*s + 5*m + 44 - 8. Suppose -3*u + s = u. Suppose 11*a - 6*a = x - 5, -12 = u*x + a. Give j(x).
-7
Let n(g) be the third derivative of -g**6/120 - g**5/15 - 5*g**4/12 - 3*g**3/2 - 60*g**2 - g + 2. Determine n(-4).
31
Let z(n) = 5*n + 30. Let p be z(-7). Let w(q) be the third derivative of 0 + 0*q + 1/60*q**5 - 2*q**2 - 1/6*q**3 + 1/4*q**4. Calculate w(p).
-6
Let w(u) = -u**3 + 5*u**2 - 11*u + 12. Suppose -2*y - 5*h = -14, 8 = 5*y - 0*y - h. What is w(y)?
2
Let z(m) = -332*m**3 - 20 + 333*m**3 - 7*m**2 + 46 - 13*m. Calculat